t q = -14 + p. Let f = q + 4. Calculate the greatest common factor of 11 and f.
1
Let n = -26 - -27. Suppose o - n = -0. Let f(b) = b**2 + 5*b - 2. Let d be f(-6). What is the highest common factor of o and d?
1
Suppose g = 67 + 13. Suppose p + 0*p = g. Suppose -w - p = -3*w. What is the highest common divisor of 8 and w?
8
Let r = -443 - -457. Calculate the greatest common divisor of 371 and r.
7
Let z be (103 - -2) + (-1)/1. Suppose 229 + 512 = 57*b. What is the highest common factor of b and z?
13
Let g be 2 - ((-8)/(-2) - 4). Suppose y + 0*y - 49 = -5*n, 0 = -4*n - g*y + 44. Let s be (-5)/3*(-28 + 1). Calculate the greatest common divisor of n and s.
9
Let o = -22 + 49. What is the highest common divisor of 36 and o?
9
Let z(o) = -o. Let g be z(5). Let t(k) = -k**3 - 2*k**2 - 2*k - 5. Let s be t(g). Calculate the greatest common divisor of 8 and s.
8
Let g = -13 - -53. Suppose -2*v = -4*k + 86, 5*k - 5*v + g - 155 = 0. What is the greatest common divisor of k and 4?
4
Suppose 4*o - 5*q - 82 = 0, -o + 3*q = q - 19. Let v(a) = 7*a - 57. Let c be v(o). Calculate the highest common factor of 13 and c.
13
Let k(g) = -g**2 + 9*g - 1. Let h = -19 + 26. Let y be k(h). Suppose 4*f - 11 - y = 0. Calculate the greatest common divisor of 4 and f.
2
Suppose 2*g + 2*a - 8 - 8 = 0, -g = 2*a - 10. Suppose 3*q - 48 = g. Suppose -257 = -p - 59. Calculate the highest common factor of p and q.
18
Suppose 3*n + 2*b - 791 = 0, 3*n = 2*n - 3*b + 252. Let w = -99 + n. Calculate the greatest common divisor of 24 and w.
24
Let u be 3/(5/(-15)*(-9)/33). What is the highest common factor of u and 11?
11
Suppose 5*m - 3*y - 123 = -7*y, -93 = -4*m - 5*y. Let l = 431 + -134. Calculate the highest common factor of m and l.
27
Let x be (-51)/(-3) - (22 + -19). Calculate the greatest common divisor of x and 28.
14
Let d(v) = 6*v**2 + v + 176. Let j be d(-11). Calculate the greatest common factor of j and 33.
33
Suppose 218 = 13*t - 406. Calculate the greatest common factor of t and 72.
24
Let t(b) = 13*b - 30. Let g be t(18). What is the highest common divisor of g and 24?
12
Suppose -q + 7 = -x, -26 = -3*q + 4*x - 1. Suppose -u = 4*s + s - 215, -4*u = q*s - 112. What is the greatest common factor of 33 and s?
11
Suppose 4*m + 4*t = 244, 4*t + 39 + 2 = m. Let x(n) = 9*n**2 - 2*n - 2. Let v be x(-2). Calculate the highest common factor of v and m.
19
Let m = -2 + -10. Let b be (-3068)/m - (-3)/9. Calculate the greatest common divisor of 32 and b.
32
Let p(j) = -j + 19. Let w be p(14). Suppose -11*n + 5*g = -10*n - 1, -2*n + 2*g = -2. What is the greatest common divisor of w and n?
1
Let p(c) = -c**3 + 2*c**2 + 5*c + 4. Let o be p(-4). Let i = 1 + 5. Suppose 3*u - 16 = -a, i*a - 2*u = 4*a + 16. Calculate the highest common factor of a and o.
10
Let i(x) = -x**2 + 21*x + 75. Let c be i(24). What is the highest common factor of c and 48?
3
Suppose -9 - 70 = -5*c - 3*j, -2*c + 16 = -4*j. Suppose z = 4*z - 60. Suppose 0*o + 4*o + 8 = 0, z = 5*m - 5*o. Calculate the highest common factor of c and m.
2
Let z(v) = v**3 - 30*v**2 + 28*v + 197. Let o be z(29). What is the highest common factor of 21 and o?
21
Suppose -2*c = 4*a - 116, -c + 33 = -2*a - a. Let r be 2/9 - (-384)/(-27). Let i be (-290)/(-9) - r/(-63). Calculate the greatest common divisor of i and c.
16
Let d(w) = -7*w**2 + 10*w + 12. Let c(y) = -20*y**2 + 31*y + 35. Let b(z) = 6*c(z) - 17*d(z). Let j be b(16). Calculate the greatest common factor of j and 3.
3
Suppose -s - 5*x + 0*x = -60, 87 = s - 4*x. Let i = 7 - -8. Calculate the greatest common factor of s and i.
15
Let i = -5 - -19. Let t(u) = -21*u + 4. Let s be t(-3). Let p = -65 + s. Calculate the greatest common factor of i and p.
2
Let g be (-204)/30*(-940)/8. What is the greatest common factor of 17 and g?
17
Suppose 7*i + 16 = 72. Calculate the highest common factor of i and 6.
2
Let v(g) = -g**3 - 18*g**2 - 31*g + 22. Let n be v(-16). What is the greatest common factor of 114 and n?
6
Suppose -6*f = -f - 30. Let l = 32 + -55. Let v be l/(-7) - 1/(21/6). What is the highest common factor of v and f?
3
Let l(j) = -2*j - 26. Let b be l(-14). Suppose 3*x + 32 = 3*f + 5, -b*f - 4*x + 42 = 0. Suppose -v + 35 = -17. Calculate the highest common divisor of v and f.
13
Let u be 402/25 - 56/700. Calculate the highest common factor of 56 and u.
8
Suppose 276 = 20*g - 44. Calculate the greatest common divisor of g and 28.
4
Let z = 37 - -56. Suppose 5*j + 5*c - 2*c = z, -4*j - c = -80. Calculate the highest common divisor of j and 147.
21
Let o = 280 - -513. What is the greatest common factor of 13 and o?
13
Let g be (0 + -2)/(18/(-45)). Suppose 3*w - 73 = g*v, 3*w + 2*w = 4*v + 113. What is the highest common factor of 3 and w?
3
Let t be 4 + 1 + (-4 - 0) - -706. Calculate the greatest common divisor of 7 and t.
7
Let h be 2/8 - 39/12*-7. Suppose 0 = 6*c - h*c + 1224. What is the greatest common factor of 8 and c?
8
Let j be (-4)/(-3)*15/10. Suppose 5*q - 399 = 2*y, j*q = -q - 5*y + 258. Let k = 216 - 207. What is the greatest common factor of k and q?
9
Let t = 81 + -45. Let r = -62 - -103. Suppose 0 = 5*z + 25, -z = -2*l - 0*z + r. What is the highest common divisor of t and l?
18
Let z = 51 + -49. Let b be (-143)/(-6) + z/12. Suppose -102 = -5*m + 78. Calculate the greatest common factor of b and m.
12
Suppose 56*v - 6541 = 2699. What is the highest common factor of 385 and v?
55
Let o(k) = -k**3 + 7*k**2 - 5*k - 2. Let r be o(6). Let l be -5 + 1*7/(14/26). Calculate the highest common factor of r and l.
4
Let r be (6/(-18))/((-3)/72). Let g be ((-50)/3)/(r/(-12)). Let j be ((-24)/20)/((-2)/g). What is the greatest common factor of 6 and j?
3
Let t be (-4)/46 - (10864/(-92) + -2). Let q(f) = -f**3 + 6*f**2 - 3*f - 5. Let k be q(4). Calculate the highest common factor of k and t.
15
Let p be ((-114)/9 - -10)/((-2)/63). Calculate the greatest common factor of p and 21.
21
Suppose 6*h = -14*h + 380. Calculate the highest common divisor of h and 361.
19
Suppose h = 5*c + 4, 365 - 377 = -h + 3*c. Calculate the greatest common divisor of 3912 and h.
24
Let f(w) = w**3 + 6*w**2 - 46*w - 17. Let u be f(-9). What is the greatest common factor of 88 and u?
22
Let w(q) = -q**3 + 11*q**2 - 11*q - 22. Let b be w(10). Let k = 5 - b. What is the highest common factor of 407 and k?
37
Let o(d) = d**2 - 7*d + 9. Let c be o(7). Calculate the greatest common divisor of c and 855.
9
Let p(q) = -q**2 - 12*q - 6. Let x be p(-10). Suppose 5*b - 3*b + 2 = 0. Let y be b/((-1)/2)*x. Calculate the highest common divisor of y and 28.
28
Let v(q) be the second derivative of q**4/4 - q**3/6 + 4*q**2 + 2*q. Suppose 16*o - 13*o = 18. Let g be v(o). Calculate the greatest common factor of g and 22.
22
Suppose -20 = 6*u - 11*u. Suppose 0 = 2*y - u*v + 254, 4*y = 3*v - 242 - 256. Let h = y - -213. Calculate the highest common divisor of h and 36.
18
Suppose 4*n - 7 - 5 = 0. Suppose f = 2*f + 4*p - 219, -n*f + 696 = -p. Let r = 53 - 32. What is the highest common divisor of f and r?
21
Let x(m) be the third derivative of m**5/30 - 3*m**4/4 - 7*m**3/2 - 48*m**2. Let f be x(14). What is the highest common factor of 17 and f?
17
Let r be 7*((-180)/(-63) - -5). Calculate the highest common divisor of 220 and r.
55
Suppose -16*u = -19*u + 42. Let q be (-16)/(-56) - (-2460)/u. Let s = 21 - 5. What is the highest common divisor of s and q?
16
Suppose 0 = 16*c - 13*c - 3. Calculate the greatest common factor of c and 27.
1
Let s(t) = -2*t**3 + 35*t**2 - 17*t - 18. Let q be s(10). Calculate the greatest common divisor of 82 and q.
82
Suppose -x + 5*d = -284, 3*d - 13 + 1 = 0. Suppose -2*w - 2*c = -x, c + 310 = -3*w + 5*w. What is the highest common factor of w and 14?
14
Suppose -598*n + 3655 = -581*n. Calculate the highest common divisor of 172 and n.
43
Let j be 1 + (3 - -32) - (-1 + -2). What is the highest common divisor of 3 and j?
3
Suppose -144 = -1003*f + 991*f. Let r(i) = i**3 + 3*i**2 - 5*i - 1. Let h be r(-4). Suppose 252 = h*l - 0*l. Calculate the greatest common factor of f and l.
12
Let k = 47 + -44. Let n be (-24)/(-4)*(5 - 1). What is the greatest common divisor of n and k?
3
Let v = 27 + -10. Let d(b) be the third derivative of 3*b**5/20 - b**4/12 + b**2. Let k be d(4). Calculate the gre